What is the remainder when b is divided by u?
20
Suppose 0*j = -2*j + 182. Let n = 7 + j. Let d = n - 68. Calculate the remainder when d is divided by 16.
14
Let l(x) = -41*x**3 - x**2 - 2*x - 2. Let z be l(-1). Suppose s = -4*r + 4*s + z, r - 10 = -3*s. Calculate the remainder when r is divided by 2.
0
Let f(c) = 2*c**3 + c**2 + 2*c - 3. Let y = 36 + -34. What is the remainder when f(y) is divided by 12?
9
Suppose 0 = 32*u - 28*u - 164. Calculate the remainder when u is divided by 56/16*(-16)/(-14).
1
Suppose p + u + 8 = -18, 2*p + 5*u = -61. Let w = p - -27. Calculate the remainder when 5 is divided by w.
1
Let i = 703 + -642. What is the remainder when 853 is divided by i?
60
What is the remainder when 379 + 1*(-4 + 3 + 0) is divided by 76?
74
Let w = 22 - 13. Suppose -w*q = -5*q - 16. Let f = -10 - -24. What is the remainder when f is divided by q?
2
Let o = -85 + 173. What is the remainder when 3416/o - 6/(-33) is divided by -3*(8/3)/(-1)?
7
Suppose 0 = 5*u, 3*b + u - 56 = 22. Calculate the remainder when (-341)/(-7) + 6/21 is divided by b.
23
Let g(c) = 10*c**3 + 2*c**2 - 3. Calculate the remainder when g(2) is divided by 24.
13
Suppose -2*b - 3*b = 4*a - 2138, 4*b + 2120 = 4*a. Calculate the remainder when a is divided by 41.
40
Let d = -559 + 605. What is the remainder when 244 is divided by d?
14
What is the remainder when 999 is divided by (-2)/(-4)*-4*(-455)/10?
89
Let o(l) = -l**2 - 8*l - 13. Let c be (-1 - -2)/(15/4 - 4). Calculate the remainder when 10 is divided by o(c).
1
Let r(a) = 63*a**2 - 2*a - 2. Let o be r(-1). Let g = 74 - o. What is the remainder when 106 is divided by g?
7
Suppose 2*m - 1 - 5 = 0. Suppose m*t + 5 - 1 = -5*k, -3*k = 4*t - 2. Suppose -7*y + t*y = -20. Calculate the remainder when y is divided by 2.
0
Let t = 614 + -562. What is the remainder when 82 is divided by t?
30
Suppose -2*c = -3*c + 7. Suppose 0 = -i - 5*d - 7, -i - 20 = -5*i + 4*d. What is the remainder when c is divided by i?
1
Let h = 24 - -83. Let m = -53 + 89. What is the remainder when h is divided by m?
35
Let p = -56 - -58. Let z = 47 - p. What is the remainder when z is divided by (-4)/(-6) - 68/(-6)?
9
Let k = -61 + 108. Calculate the remainder when k is divided by (-6)/(-27) + (-1420)/(-90).
15
What is the remainder when 333 is divided by -18 + 1 + 9 - -122?
105
Calculate the remainder when 134 is divided by (-175 - -177)/((-2)/(-74)).
60
Calculate the remainder when 154 is divided by (-1)/2 - (51/(-6) - 5).
11
Suppose 0 = -3*s + 4*s - 64. Calculate the remainder when 246 is divided by s.
54
Let c be -6*4/30*20. What is the remainder when 5 is divided by c/8*6/(-4)?
2
Let v(p) = 4*p**2 - 2. Suppose -5*x + 12 = x. Suppose 6*m - 4*m - 3*y = -1, 2*m - 2 = x*y. Calculate the remainder when v(2) is divided by m.
2
Let t be (-1)/((-18)/(-10) - 2). Let h = t - 4. Let u(z) = 16*z**2 - z. What is the remainder when 57 is divided by u(h)?
12
Suppose y + 4*a - 35 = a, 2*y - 62 = -4*a. Let u = 1058 - 1045. Calculate the remainder when y is divided by u.
10
Let k(o) = 11*o**2 + 2*o + 4. Calculate the remainder when k(-4) is divided by 59.
54
Let k be 2*((-1556)/8 + -2). Calculate the remainder when (-8)/12 + 2*k/(-18) is divided by 16.
11
Let b = 1227 - 1181. Calculate the remainder when 69 is divided by b.
23
Let h(l) = l**2 - 5*l - 5. Let k(b) = 8*b**2 - 8*b + 3. Let s be k(4). Calculate the remainder when (-3 + 1)*s/(-6) is divided by h(7).
6
Suppose -4*o + 1590 = 6*o. Calculate the remainder when o is divided by 19.
7
Let p(m) = -m**3 - 19*m**2 - 20*m - 9. What is the remainder when p(-18) is divided by 22?
5
Let j(m) = 6*m + 13. Let q be j(-3). What is the remainder when 114 is divided by 1158/30 + (-2)/q?
36
Let s(k) = -28*k + 837. Calculate the remainder when s(24) is divided by 61.
43
Suppose -2*c - 6 = 0, 0 = -a - c + 8 + 7. Suppose 4*f - n = 5*f - 13, -f + 25 = 4*n. What is the remainder when a is divided by f?
0
Let r = 987 + -924. What is the remainder when r is divided by 16?
15
Suppose -3*y + y + 74 = 0. Suppose 0 = o - 3*o + 2*c - 8, 1 = -4*o + c. Let n(p) = 10*p**2 - 2*p + 2. Calculate the remainder when y is divided by n(o).
7
Let f = 9 + 0. Suppose -3*n - u + 86 = -0*u, -4*u = n - 25. Let i = n - f. What is the remainder when 39 is divided by i?
19
Suppose -1071 = -18*b + 3357. Calculate the remainder when b is divided by 31.
29
Let v = -5 + 2. Let r = -1 - v. Calculate the remainder when 10 is divided by r.
0
Suppose 3*x - 5*x + 276 = 0. What is the remainder when x is divided by 36?
30
Suppose 0*y + 3*y = 153. Suppose f + 67 = 3*i, -2*f + 76 = 3*i + i. Calculate the remainder when y is divided by i.
9
Let r(m) = m**3 - 30*m**2 + 60*m + 25. Calculate the remainder when 147 is divided by r(28).
10
Suppose 5*i + 3*t = 177, 3*t + 147 = -i + 5*i. Suppose -20*o + 230 = 3*o. Calculate the remainder when i is divided by o.
6
Suppose -s = -3202 + 3172. What is the remainder when s is divided by 17?
13
Let z be (-6)/2*(25 + -7). What is the remainder when (-4818)/z + 5/(135/(-6)) is divided by 23?
20
Suppose -4*m + 1 = -7. Suppose 53 - m = 3*p. What is the remainder when 64 is divided by p?
13
Suppose 111*o = 107*o + 484. What is the remainder when o is divided by 31?
28
Let y(b) = b**2 - 31. Let v be y(-6). Suppose o - 12 = v*k, 0*o + 4*k - 31 = -5*o. Calculate the remainder when 39 is divided by o.
4
Let u(f) = f**2 - 4*f + 1. Let b be u(4). Let y(g) = 20*g. Let p(k) = -k. Let l(o) = 3*p(o) + y(o). What is the remainder when l(b) is divided by 5?
2
Let p(h) be the first derivative of -h**3/3 - 4*h**2 - 2*h + 26. Calculate the remainder when 75 is divided by p(-3).
10
Let h(z) = -z + 6. Let r be -2*((-2 - -2) + -1). Let t be -3*r/2 + 1. What is the remainder when 28 is divided by h(t)?
4
Suppose 84 = -h + 5*h. Let n = h + -12. Let v = -53 + 78. What is the remainder when v is divided by n?
7
Let i = 34 + -70. Let m = 91 + i. Suppose 0*q - m = -5*q. What is the remainder when 21 is divided by q?
10
Calculate the remainder when 103827/424 - (-3 - (-46)/16) is divided by 53.
33
Let h = -715 - -776. What is the remainder when h is divided by 24?
13
What is the remainder when 24 is divided by (-2977)/(-229) + (-5)/1?
0
Suppose -f - 5*v + 16 = 0, -33*v + 29*v = f - 18. Let a = -26 + 75. What is the remainder when a is divided by f?
23
Let z be (3/2)/(18/12). What is the remainder when (2/(-4))/((-3)/180) is divided by (36/54)/(z/12)?
6
Suppose -3*o + 15 + 60 = 0. Suppose 29 = 3*h - o. Calculate the remainder when h is divided by 2 + (-5)/3 - (-14)/3.
3
Let s(x) = -5*x - 18. What is the remainder when 166 is divided by s(-7)?
13
Let z(v) = v**3 - 4*v**2 - 3*v - 6. Let j be z(5). Calculate the remainder when (-17507)/2296*(-1 + -7) is divided by 146/9 + j/(-18).
13
Suppose 9*q - 58 = 59. What is the remainder when 1/(-1)*(-27 - (-11 + 7)) is divided by q?
10
Suppose 5*p - 1 - 44 = 0. Let v = 1 + p. Let d(x) = 6*x - 5. Calculate the remainder when d(4) is divided by v.
9
Let x = 39 - 11. Suppose -2*o = o - 30. Calculate the remainder when x is divided by o.
8
Let d = -2 - -14. Suppose 2*r - 2*w = d + 4, 2*w = -5*r + 5. Suppose 12 + r = 5*g. Calculate the remainder when 10 is divided by g.
1
Let t(k) = -k + 3. Suppose 2 = -b - 3. Suppose 0 = -11*p + 133 + 296. Calculate the remainder when p is divided by t(b).
7
Let v(c) be the second derivative of -c**4/12 - 5*c**3/6 + 7*c**2/2 - 3*c. Let y be v(-6). Calculate the remainder when 7 is divided by 6*1*y/2.
1
Suppose g = 4*a - 2313, 4*g + 1640 = 3*a - 98. Calculate the remainder when a is divided by 70.
18
Let t(w) = -w + 14. Calculate the remainder when 53 is divided by t(-7).
11
Suppose 951 - 2795 = -2*y. What is the remainder when y is divided by 14?
12
Let p = 3631 + -3616. Let m = 78 - 36. Calculate the remainder when m is divided by p.
12
What is the remainder when 387 is divided by (-1 + -5)*(-16)/((-144)/(-45))?
27
Suppose -x = 3*l - 5, -2*l - 3 = -x + 2. Suppose 0 = -g + 16 + 18. Let a = 62 - g. Calculate the remainder when a is divided by x.
3
Let h = -34 + -7. Let x = 142 + h. Calculate the remainder when x is divided by 17.
16
Let r(j) = j + 36. Let k(b) = b + 24. Let v(q) = 7*k(q) - 5*r(q). What is the remainder when 33 is divided by v(9)?
3
Let w(g) = 30*g**2 + 10*g + 10. Calculate